{"id":4465,"date":"2025-06-25T20:33:16","date_gmt":"2025-06-25T20:33:16","guid":{"rendered":"https:\/\/homotheoreticus.com\/?page_id=4465"},"modified":"2025-06-25T20:57:47","modified_gmt":"2025-06-25T20:57:47","slug":"crear-usuario","status":"publish","type":"page","link":"https:\/\/homotheoreticus.com\/index.php\/crear-usuario\/","title":{"rendered":"Crear usuario"},"content":{"rendered":"\n<h2 class=\"wp-block-heading\">Formulario de suscripci\u00f3n<\/h2>\n\n\n<div ><div style=\"font-weight:bold\" class=\"the_champ_social_login_title\">Ingresar con red social<\/div><div class=\"the_champ_login_container\"><ul class=\"the_champ_login_ul\"><li><i class=\"theChampLogin theChampFacebookBackground theChampFacebookLogin\" alt=\"Login with Facebook\" title=\"Login with Facebook\" onclick=\"theChampInitiateLogin(this, 'facebook')\" ><div class=\"theChampFacebookLogoContainer\"><ss style=\"display:block\" class=\"theChampLoginSvg theChampFacebookLoginSvg\"><\/ss><\/div><\/i><\/li><li><i id=\"theChampGoogleButton\" class=\"theChampLogin theChampGoogleBackground theChampGoogleLogin\" alt=\"Login with Google\" title=\"Login with Google\" onclick=\"theChampInitiateLogin(this, 'google')\" ><ss style=\"display:block\" class=\"theChampLoginSvg theChampGoogleLoginSvg\"><\/ss><\/i><\/li><\/ul><\/div><\/div><div style=\"clear:both\"><\/div><script type=\"text\/javascript\">theChampCustomRedirect = \"https%3A%2F%2Fyourwebsite.com%2Fredirect-here-after-social-login\";var theChampSteamAuthUrl = \"\",theChampTwitterAuthUrl = theChampSiteUrl + \"?SuperSocializerAuth=Twitter&super_socializer_redirect_to=\" + theChampCustomRedirect, theChampLineAuthUrl = theChampSiteUrl + \"?SuperSocializerAuth=Line&super_socializer_redirect_to=\" + theChampCustomRedirect, theChampLiveAuthUrl = theChampSiteUrl + \"?SuperSocializerAuth=Live&super_socializer_redirect_to=\" + theChampCustomRedirect, theChampFacebookAuthUrl = theChampSiteUrl + \"?SuperSocializerAuth=Facebook&super_socializer_redirect_to=\" + theChampCustomRedirect, theChampYahooAuthUrl = theChampSiteUrl + \"?SuperSocializerAuth=Yahoo&super_socializer_redirect_to=\" + theChampCustomRedirect, theChampGoogleAuthUrl = theChampSiteUrl + \"?SuperSocializerAuth=Google&super_socializer_redirect_to=\" + theChampCustomRedirect, theChampYoutubeAuthUrl = theChampSiteUrl + \"?SuperSocializerAuth=Youtube&super_socializer_redirect_to=\" + theChampCustomRedirect, theChampVkontakteAuthUrl = theChampSiteUrl + \"?SuperSocializerAuth=Vkontakte&super_socializer_redirect_to=\" + theChampCustomRedirect, theChampLinkedinAuthUrl = theChampSiteUrl + \"?SuperSocializerAuth=Linkedin&super_socializer_redirect_to=\" + theChampCustomRedirect, theChampInstagramAuthUrl = theChampSiteUrl + \"?SuperSocializerAuth=Instagram&super_socializer_redirect_to=\" + theChampCustomRedirect, theChampWordpressAuthUrl = theChampSiteUrl + \"?SuperSocializerAuth=Wordpress&super_socializer_redirect_to=\" + theChampCustomRedirect, theChampDribbbleAuthUrl = theChampSiteUrl + \"?SuperSocializerAuth=Dribbble&super_socializer_redirect_to=\" + theChampCustomRedirect, theChampGithubAuthUrl = theChampSiteUrl + \"?SuperSocializerAuth=Github&super_socializer_redirect_to=\" + theChampCustomRedirect, theChampSpotifyAuthUrl = theChampSiteUrl + \"?SuperSocializerAuth=Spotify&super_socializer_redirect_to=\" + theChampCustomRedirect, theChampKakaoAuthUrl = theChampSiteUrl + \"?SuperSocializerAuth=Kakao&super_socializer_redirect_to=\" + theChampCustomRedirect, theChampTwitchAuthUrl = theChampSiteUrl + \"?SuperSocializerAuth=Twitch&super_socializer_redirect_to=\" + theChampCustomRedirect, theChampRedditAuthUrl = theChampSiteUrl + \"?SuperSocializerAuth=Reddit&super_socializer_redirect_to=\" + theChampCustomRedirect, theChampDisqusAuthUrl = theChampSiteUrl + \"?SuperSocializerAuth=Disqus&super_socializer_redirect_to=\" + theChampCustomRedirect, theChampDropboxAuthUrl = theChampSiteUrl + \"?SuperSocializerAuth=Dropbox&super_socializer_redirect_to=\" + theChampCustomRedirect,  theChampFoursquareAuthUrl = theChampSiteUrl + \"?SuperSocializerAuth=Foursquare&super_socializer_redirect_to=\" + theChampCustomRedirect,  theChampStackoverflowAuthUrl = theChampSiteUrl + \"?SuperSocializerAuth=Stackoverflow&super_socializer_redirect_to=\" + theChampCustomRedirect,  theChampDiscordAuthUrl = theChampSiteUrl + \"?SuperSocializerAuth=Discord&super_socializer_redirect_to=\" + theChampCustomRedirect, theChampAmazonAuthUrl = theChampSiteUrl + \"?SuperSocializerAuth=Amazon&super_socializer_redirect_to=\" + theChampCustomRedirect, theChampMailruAuthUrl = theChampSiteUrl + \"?SuperSocializerAuth=Mailru&super_socializer_redirect_to=\" + theChampCustomRedirect;<\/script>\n\n\n<div class=\"swpm-registration-widget-form\">\n    <form id=\"swpm-registration-form\" class=\"swpm-form\" name=\"swpm-registration-form\" method=\"post\" action=\"\">\n        <input type=\"hidden\" name=\"level_identifier\" value=\"e4da3b7fbbce2345d7772b0674a318d5\" \/>\n        <div class=\"swpm-registration-form-section\">\n            <div class=\"swpm-form-row swpm-username-row\" >\n                <div class=\"swpm-form-label-wrap swpm-form-username-label-wrap\">\n                    <label for=\"user_name\">Nombre de usuario<\/label>\n                <\/div>\n                <div class=\"swpm-form-input-wrap swpm-form-username-input-wrap\">\n                    <input type=\"text\" id=\"user_name\" class=\"swpm-form-field swpm-form-username\" value=\"\" name=\"user_name\"  \/>\n                <\/div>\n                <div class=\"swpm-form-desc\"><\/div>\n            <\/div>\n            <div class=\"swpm-form-row swpm-email-row\">\n                <div class=\"swpm-form-label-wrap swpm-form-email-label-wrap\">\n                    <label for=\"email\">Correo electr\u00f3nico<\/label>\n                <\/div>\n                <div class=\"swpm-form-input-wrap swpm-form-email-input-wrap\">\n                    <input type=\"text\" autocomplete=\"off\" id=\"email\" class=\"swpm-form-field swpm-form-email\" value=\"\" name=\"email\" \/>\n                <\/div>\n                <div class=\"swpm-form-desc\"><\/div>\n            <\/div>\n            <div class=\"swpm-form-row swpm-password-row\">\n                <div class=\"swpm-form-label-wrap swpm-form-password-label-wrap\">\n                    <label for=\"password\">Contrase\u00f1a<\/label>\n                <\/div>\n                <div class=\"swpm-form-input-wrap swpm-form-password-input-wrap\">\n                    <input type=\"password\" autocomplete=\"off\" id=\"password\" class=\"swpm-form-field swpm-form-password\" value=\"\" name=\"password\" \/>\n                <\/div>\n                <div class=\"swpm-form-desc\"><\/div>\n            <\/div>\n            <div class=\"swpm-form-row swpm-repass-row\">\n                <div class=\"swpm-form-label-wrap swpm-form-repass-label-wrap\">\n                    <label for=\"password_re\">Repetir contrase\u00f1a<\/label>\n                <\/div>\n                <div class=\"swpm-form-input-wrap swpm-form-repass-input-wrap\">\n                    <input type=\"password\" autocomplete=\"off\" id=\"password_re\" class=\"swpm-form-field swpm-form-repass\" value=\"\" name=\"password_re\" \/>\n                <\/div>\n                <div class=\"swpm-form-desc\"><\/div>\n            <\/div>\n            <div class=\"swpm-form-row swpm-firstname-row\" >\n                <div class=\"swpm-form-label-wrap swpm-form-firstname-label-wrap\">\n                    <label for=\"first_name\">Nombre<\/label>\n                <\/div>\n                <div class=\"swpm-form-input-wrap swpm-form-firstname-input-wrap\">\n                    <input type=\"text\" id=\"first_name\" class=\"swpm-form-field swpm-form-firstname\" value=\"\" name=\"first_name\" \/>\n                <\/div>\n                <div class=\"swpm-form-desc\"><\/div>\n            <\/div>\n            <div class=\"swpm-form-row swpm-lastname-row\" >\n                <div class=\"swpm-form-label-wrap swpm-form-lastname-label-wrap\">\n                    <label for=\"last_name\">Apellidos<\/label>\n                <\/div>\n                <div class=\"swpm-form-input-wrap swpm-form-lastname-input-wrap\">\n                    <input type=\"text\" id=\"last_name\" class=\"swpm-form-field swpm-form-lastname\" value=\"\" name=\"last_name\" \/>\n                <\/div>\n                <div class=\"swpm-form-desc\"><\/div>\n            <\/div>\n            <div class=\"swpm-form-row swpm-membership-level-row\" >\n                <div class=\"swpm-form-label-wrap swpm-form-membership-level-label-wrap\">\n                    <label for=\"membership_level\">Nivel de membres\u00eda<\/label>\n                <\/div>\n                <div class=\"swpm-form-membership-level-value\">\n                    B\u00e1sica<input type=\"hidden\" value=\"5\" size=\"50\" name=\"swpm_membership_level\" id=\"membership_level\" \/><input type=\"hidden\" name=\"swpm_level_hash\" value=\"0a1ef4debe2ec9a9a6a285868ae46e69\" \/>                <\/div>\n            <\/div>\n            \n                        <div class=\"swpm-before-registration-submit-section\" align=\"center\"><\/div>\n\n            <div class=\"swpm-form-row swpm-submit-section swpm-registration-submit-section\">\n                <button type=\"submit\" class=\"swpm-submit swpm-registration-submit-button swpm-submit-btn-default-style\">Registrarse<\/button>\n                <input type=\"hidden\" name=\"swpm_registration_submit\" value=\"Register\">\n            <\/div>\n        <\/div>\n\n        <input type=\"hidden\" name=\"action\" value=\"custom_posts\" \/>\n    <\/form>\n\n    <style>\n        .swpm-registration-submit-section{\n            text-align: center;\n        }\n        .swpm-form .swpm-form-row {\n            margin-bottom: 0.8rem;\n        }\n\n        .swpm-form .swpm-submit-section {\n            margin-top: 1rem;\n        }\n\n        .swpm-form .swpm-form-row.error .swpm-form-field {\n            border-color: #cc0000 !important;\n            outline-color: #cc0000 !important;\n        }\n\n        .swpm-form .swpm-form-row.error .swpm-form-desc {\n            color: #cc0000 !important;\n            font-size: smaller !important;\n        }\n\n        .swpm-form .swpm-form-row.error .swpm-form-desc>ul {\n            list-style: none !important;\n            padding: 0 !important;\n            margin: 4px 0 0 !important;\n        }\n    <\/style>\n<\/div>\n\n\n<div ><div class=\"the_champ_login_container\"><ul class=\"the_champ_login_ul\"><li><i class=\"theChampLogin theChampFacebookBackground theChampFacebookLogin\" alt=\"Login with Facebook\" title=\"Login with Facebook\" onclick=\"theChampInitiateLogin(this, 'facebook')\" ><div class=\"theChampFacebookLogoContainer\"><ss style=\"display:block\" class=\"theChampLoginSvg theChampFacebookLoginSvg\"><\/ss><\/div><\/i><\/li><li><i id=\"theChampGoogleButton\" class=\"theChampLogin theChampGoogleBackground theChampGoogleLogin\" alt=\"Login with Google\" title=\"Login with Google\" onclick=\"theChampInitiateLogin(this, 'google')\" ><ss style=\"display:block\" class=\"theChampLoginSvg theChampGoogleLoginSvg\"><\/ss><\/i><\/li><\/ul><\/div><\/div><div style=\"clear:both\"><\/div>\n","protected":false},"excerpt":{"rendered":"<p>En este espacio vas a poder adquirir una suscripci\u00f3n gratuita al blog Homo Theoreticus. Pod\u00e9s crear un nuevo usuario o ingresar a trav\u00e9s de tu red social.<\/p>\n","protected":false},"author":1,"featured_media":0,"parent":0,"menu_order":0,"comment_status":"closed","ping_status":"closed","template":"","meta":{"om_disable_all_campaigns":false,"_monsterinsights_skip_tracking":false,"_monsterinsights_sitenote_active":false,"_monsterinsights_sitenote_note":"","_monsterinsights_sitenote_category":0,"_uf_show_specific_survey":0,"_uf_disable_surveys":false,"cybocfi_hide_featured_image":"","footnotes":""},"class_list":["post-4465","page","type-page","status-publish","hentry"],"aioseo_notices":[],"_links":{"self":[{"href":"https:\/\/homotheoreticus.com\/index.php\/wp-json\/wp\/v2\/pages\/4465","targetHints":{"allow":["GET"]}}],"collection":[{"href":"https:\/\/homotheoreticus.com\/index.php\/wp-json\/wp\/v2\/pages"}],"about":[{"href":"https:\/\/homotheoreticus.com\/index.php\/wp-json\/wp\/v2\/types\/page"}],"author":[{"embeddable":true,"href":"https:\/\/homotheoreticus.com\/index.php\/wp-json\/wp\/v2\/users\/1"}],"replies":[{"embeddable":true,"href":"https:\/\/homotheoreticus.com\/index.php\/wp-json\/wp\/v2\/comments?post=4465"}],"version-history":[{"count":11,"href":"https:\/\/homotheoreticus.com\/index.php\/wp-json\/wp\/v2\/pages\/4465\/revisions"}],"predecessor-version":[{"id":4485,"href":"https:\/\/homotheoreticus.com\/index.php\/wp-json\/wp\/v2\/pages\/4465\/revisions\/4485"}],"wp:attachment":[{"href":"https:\/\/homotheoreticus.com\/index.php\/wp-json\/wp\/v2\/media?parent=4465"}],"curies":[{"name":"wp","href":"https:\/\/api.w.org\/{rel}","templated":true}]}}